 x(h) = -99*h - 500. Give x(-5).
-5
Let p(i) = -163*i + 4548. Give p(28).
-16
Let t(j) = 18*j**3 - 323*j**2 - 21*j + 44. What is t(18)?
-10
Let w(d) = -d**3 + 2*d**2 - d + 6. Determine w(3).
-6
Let f(k) = 3*k**3 + 229*k**2 + 77*k + 47. Determine f(-76).
-29
Let c(t) = -2*t**2 + 108*t + 1909. What is c(68)?
5
Let s(r) = -3*r - 119. Determine s(-18).
-65
Let b(s) = -18*s**2 - 144*s - 23. What is b(-7)?
103
Let s(x) = -23*x - 1188. Give s(-50).
-38
Let p(n) = n**3 - 14*n**2 - 64*n - 112. What is p(20)?
1008
Let q(b) = 144*b + 10203. What is q(-71)?
-21
Let g(j) = 361*j + 28145. Determine g(-78).
-13
Let t(p) = -102*p + 3684. Calculate t(37).
-90
Let r(q) = -q**3 - 18*q**2 - 101*q - 281. Calculate r(-7).
-113
Let i(y) = y**3 - 8*y**2 - 240*y - 2. Give i(20).
-2
Let f(i) = i**3 + 272*i**2 - 5*i - 1354. Determine f(-272).
6
Let f(h) = h**3 + 34*h**2 - 17*h - 577. Give f(-34).
1
Let l(m) = -9*m**2 - 1210*m - 526. Determine l(-134).
10
Let x(u) = -u**2 + 150*u - 3388. Give x(28).
28
Let h(o) = o**3 - o**2 - 3*o - 110. Give h(6).
52
Let d(v) = 923*v - 2786. Give d(3).
-17
Let b(q) = -q**3 + 12*q**2 + 49*q - 65. Give b(15).
-5
Let x(f) = 112*f - 318. Give x(1).
-206
Let o(p) = 31*p**2 + 187*p + 1. Give o(-6).
-5
Let i(o) = o**2 + 67*o - 19194. Calculate i(-176).
-10
Let t(v) = 16719*v - 16718. What is t(1)?
1
Let y(d) = -112*d - 13765. What is y(-123)?
11
Let s(t) = 2*t**2 - 7*t - 454. What is s(15)?
-109
Let c(k) = -14*k**3 - 2*k**2 + 29*k + 95. Calculate c(-3).
368
Let r(t) = -54*t + 14. Calculate r(2).
-94
Let j(l) = 374*l - 18657. What is j(50)?
43
Let i(d) = 38*d + 5960. Determine i(-157).
-6
Let d(i) = 29*i + 2433. Calculate d(-86).
-61
Let b(j) = 416*j**2 - j + 1. Calculate b(-1).
418
Let d(g) = -g**2 + 4160*g - 41485. Determine d(10).
15
Let p(x) = 2*x**2 + 36*x + 86. Give p(-17).
52
Let t(u) = 289*u + 1731. What is t(-6)?
-3
Let c(g) = 102*g - 102. Calculate c(-5).
-612
Let c(w) = 1710*w - 3218. What is c(2)?
202
Let s(l) = l**3 + 5*l**2 + 132*l + 521. Determine s(-4).
9
Let m(t) = -64*t - 1142. What is m(-18)?
10
Let m(x) = x**3 + 12*x**2 + 97*x + 1305. Give m(-13).
-125
Let r(g) = 2*g**3 - 6*g**2 + 12. Calculate r(4).
44
Let u(j) = 2*j**3 - 16*j**2 + 24*j - 10. What is u(6)?
-10
Let p(r) = -2*r**2 + 104*r + 674. Determine p(-6).
-22
Let y(q) = 53*q + 10168. What is y(-192)?
-8
Let q(s) = -41*s**2 + 25*s - 71. Calculate q(3).
-365
Let o(b) = 5*b**3 - 2*b**2 - 8*b - 7. Give o(-1).
-6
Let o(u) = -299*u - 3261. What is o(-11)?
28
Let g(j) = -3*j - 92. Calculate g(-22).
-26
Let d(b) = 8*b**2 - 41*b + 233. What is d(7)?
338
Let j(c) = 14*c + 300. Determine j(-22).
-8
Let x(h) = 961*h - 4806. What is x(5)?
-1
Let w(c) = c**2 + 17*c + 30. Give w(-4).
-22
Let w(d) = -609*d - 1538. Calculate w(-2).
-320
Let q(i) = 599*i - 585. Calculate q(1).
14
Let a(f) = 45*f**2 + 360*f + 11. Calculate a(-8).
11
Let l(y) = -55*y + 10551. What is l(192)?
-9
Let i(n) = 2*n**2 - 153*n + 1622. Give i(13).
-29
Let q(r) = -2*r**3 - 30*r**2 + 106*r - 30. Give q(-18).
6
Let o(s) = 2*s**3 + 100*s**2 + 13*s + 647. Give o(-50).
-3
Let b(p) = 743*p - 3728. Calculate b(5).
-13
Let n(z) = -2291*z + 20609. What is n(9)?
-10
Let k(u) = u**3 - 6*u**2 - 34*u + 49. What is k(9)?
-14
Let k(s) = 6298*s - 50387. Give k(8).
-3
Let f(l) = -29*l + 406. Determine f(15).
-29
Let t(b) = -9*b**2 + 6*b + 12. Give t(-2).
-36
Let a(t) = -t**2 - 4*t + 54. Determine a(-8).
22
Let w(c) = 53*c - 432. Calculate w(8).
-8
Let m(v) = -26*v + 91. Determine m(6).
-65
Let v(x) = -x**3 + 26*x**2 - 12*x + 287. Give v(26).
-25
Let t(b) = 2*b**3 + 49*b**2 + 31*b - 52. Give t(-24).
-220
Let h(z) = 4*z**2 - 324*z - 2464. What is h(88)?
0
Let c(b) = -b**3 + 11*b**2 + 17*b - 28. Give c(12).
32
Let q(c) = c**3 + 89*c**2 - 176*c + 540. Determine q(-91).
-6
Let o(x) = x**2 + 3*x - 604. What is o(-26)?
-6
Let p(m) = -2*m**2 - 8*m + 38. Determine p(-7).
-4
Let p(o) = -32*o - 21. Give p(0).
-21
Let m(q) = -7*q**2 + 1607*q - 8738. Give m(224).
-2
Let k(d) = -2*d**3 - 195*d**2 + 112*d + 1242. Give k(-98).
-130
Let o(y) = -y**3 + 53*y**2 - 20*y - 1688. Determine o(52).
-24
Let s(i) = -8*i**3 + i**2 + 20*i + 36. Calculate s(-2).
64
Let n(m) = -113*m - 8. What is n(6)?
-686
Let l(k) = 2*k**2 - 77*k + 565. What is l(27)?
-56
Let f(y) = 3*y**2 - 99*y + 44. Determine f(34).
146
Let o(r) = -21*r + 423. What is o(21)?
-18
Let j(a) = -a**3 + 160*a**2 - 331*a + 2377. Calculate j(158).
7
Let z(d) = d**3 + 12*d**2 - 4*d - 14. Determine z(-12).
34
Let r(g) = 10*g**2 + 106*g + 238. Give r(-7).
-14
Let c(z) = 2*z**2 - 3*z - 6. Give c(2).
-4
Let z(i) = 10*i**2 + 41*i + 136. Determine z(-3).
103
Let g(y) = 6*y - 95. Calculate g(12).
-23
Let v(z) = 2*z**3 - 159*z**2 + 40*z + 3086. What is v(79)?
5
Let g(o) = -46*o + 652. What is g(14)?
8
Let j(v) = 91*v**2 - 5*v + 5. Give j(1).
91
Let i(r) = 49*r + 556. What is i(-11)?
17
Let f(p) = 104*p - 477. Calculate f(5).
43
Let y(j) = j**2 - 22*j + 208. Determine y(10).
88
Let d(q) = -3*q**2 - 9*q + 412. What is d(11)?
-50
Let k(u) = -u**3 - 123*u**2 + 1765*u + 33. Determine k(13).
-6
Let d(g) = -141*g - 1702. Give d(-12).
-10
Let h(g) = -g**2 + 19*g + 156. Calculate h(24).
36
Let a(v) = v**2 - 7*v - 17. What is a(6)?
-23
Let k(z) = -z**3 + 18*z**2 - 2*z - 33. Determine k(5).
282
Let f(h) = 404*h - 328. Determine f(0).
-328
Let a(l) = l**3 - 51*l**2 - 2*l + 82. Determine a(51).
-20
Let o(q) = q**3 - 10*q**2 - 71*q + 136. Give o(14).
-74
Let n(l) = -29*l + 400. Give n(15).
-35
Let v(t) = -56*t**3 - 188*t**2 + t. Determine v(-3).
-183
Let u(o) = o**3 + 22*o**2 - 43*o + 109. Calculate u(-24).
-11
Let f(q) = 19*q - 1727. Calculate f(91).
2
Let u(v) = v**2 + v - 2. Determine u(0).
-2
Let z(x) = -179*x**2 + 717*x - 6. Give z(4).
-2
Let t(y) = -y**2 - 27*y - 76. Determine t(-9).
86
Let t(m) = -49*m + 78. What is t(2)?
-20
Let w(h) = 76*h**2 - 1513*h + 6. Determine w(20).
146
Let o(n) = 10*n**2 + 8*n - 87. Determine o(4).
105
Let l(b) = -73*b**2 + 10*b + 8. What is l(-1)?
-75
Let t(m) = -2995*m + 17982. Calculate t(6).
12
Let y(f) = f**3 + 13*f**2 + 25*f - 38. Determine y(-10).
12
Let c(k) = -9*k**2 + 112*k + 32. Determine c(13).
-33
Let k(i) = -2*i**2 + 139*i - 677. What is k(64)?
27
Let k(y) = -73*y - 4697. What is k(-64)?
-25
Let s(i) = -199*i**3 - 8*i**2 - 10*i - 1. Calculate s(-1).
200
Let d(y) = y**3 - 6*y**2 - 20*y + 9. Determine d(8).
-23
Let k(r) = r**3 - 40*r**2 - 72*r - 123. Give k(42).
381
Let d(i) = 3*i**3 + 433*i**2 + 132*i - 1715. Calculate d(-144).
13
Let p(g) = 155*g**2 - 8*g - 21. What is p(2)?
583
Let d(r) = 180*r - 919. What is d(5)?
-19
Let g(w) = -5*w**2 + 113*w + 102. What is g(0)?
102
Let n(i) = i**3 + 80*i**2 + 138*i - 1406. Give n(-78).
-2
Let v(x) = x**3 + 43*x**2 - 182*x + 278. Determine v(-47).
-4
Let m(x) = -2*x**3 - 16*x**2 + 46*x + 413. Determine m(-7).
-7
Let o(j) = 2*j**2 + 3679*j + 14697. Determine o(-4).
13
Let n(m) = -68*m - 339. Determine n(-1).
-271
Let s(f) = 2*f**2 - 75*f - 2. Determine s(34).
-240
Let u(b) = -470*b**2 - 55*b - 55. Determine u(-1).
-470
Let q(v) = v**3 + 58*v**2 + 38*v - 334. Calculate q(-57).
749
Let j(v) = -v**3 + 59*v**2 - 55*v - 3366. Determine j(57).
-3
Let j(f) = f**3 + 18*f**2 - 397*f - 18. Give j(-31).
-204
Let r(p) = 5*p**2 - 157*p + 40. Give r(31).
-22
Let a(s) = 59*s - 2246. Determine a(38).
-4
Let t(j) = 19*j**2 - 18*j - 36. Give t(-2).
76
Let w(y) = -y**3 - 12*y**2 + 107*y + 625. Determine w(-16).
-63
Let l(u) = -111*u - 726. What is l(-7)?
51
Let t(c) = -8*c**2 + 121*c - 3. Give t(15).
12
Let s(g) = -5*g + 443. What is s(41)?
238
Let p(k) = -k**3 - 17*k**2 - 25*k - 401. Calculate p(-17).
24
Let x(h) = -21*h + 341. Determine x(11).
110
Let v(o) = -o**2 - 78*o + 872. What is v(-89)?
-107
Let p(h) = -2190*h - 4425. What is p(-2)?
-45
Let u(v) = -2*v**2 + 87*v - 284. Calculate u(40).
-4
Let t(d) = -6*d**2 + 15*d - 5. Calculate t(6).
-131
Let u(b) = 115*b + 13777. What is u(-120)?
-23
Let p(k) = -k**3 - 3*k**2 - 9*k - 18. Give p(-6).
144
Let y(u) = 47*u**3 + 12*u**2 + 17*u - 2. Determine y(-2).
-364
Let q(g) = g**3 - 11*g**2 - 3*g - 18. Determine q(10).
-148
Let l(s) = -11*s + 55. What is l(12)?
-77
Let k(b) = 132*b**2 + 49*b + 88. Determine k(-2).
518
Let c(q) = -3611*q - 14459. Calculate c(-4).
-15
Let o(g) = 11*g**3 - 13*g**2 + 24*g - 5